1, 23
Let j = -28165 - -28168. Let h(b) be the second derivative of 3*b**5/20 + b**4/6 - b**3/2 + 3*b**2/2 - b. List the prime factors of h(j).
3, 31
Suppose c = -s + 2, s - 4*c - 3 + 1 = 0. Suppose -2*b = -m + 36 - 13, 4*m = -s*b + 42. List the prime factors of m.
13
Let v = 94563 + -45956. What are the prime factors of v?
13, 3739
Let d = 40181 - 25891. List the prime factors of d.
2, 5, 1429
Let v = 171 + -170. List the prime factors of (-770 + v/1)/(-1).
769
Let f = 150 - 153. What are the prime factors of 10848/36 - (-1)/f?
7, 43
Let n(h) = h**3 + 19*h**2 - 15*h. Let j be n(6). Suppose j = -23*q + 27352. What are the prime factors of q?
2, 577
Let q = -316 - -314. What are the prime factors of (((-37525)/(-15))/19)/(q/(-6))?
5, 79
Let g be (8/(-8))/((2/(-8))/(-1)). Let r(q) = q**3 + 16*q**2 - 2*q + 10. List the prime factors of r(g).
2, 3, 5, 7
Let p = -441 - -220. Let r = -187 - p. What are the prime factors of r?
2, 17
Suppose 5991 = -14*s + 19711. Let t = s + -594. What are the prime factors of t?
2, 193
Let i = 27892 + -18262. What are the prime factors of i?
2, 3, 5, 107
List the prime factors of -24*(10 - 35683/51).
2, 2069
Let k = 24080 + -9009. What are the prime factors of k?
7, 2153
Let y = -318 - -342. Let n(q) = -12*q + 8. Let a be n(-6). Let m = y + a. What are the prime factors of m?
2, 13
Let q be -124*3/2*(-8)/(-6). Let w = q - 162. Let r = -193 - w. List the prime factors of r.
7, 31
Let u(y) = 2*y + 4. Let h be u(-2). Suppose 3*s - 3 - 12 = h. Suppose -3*n + 2*n - 5*a = -150, -s*n - 5*a + 770 = 0. What are the prime factors of n?
5, 31
Let t = -1518 + 3043. List the prime factors of t.
5, 61
Suppose 7*o - 277 = 1305. Suppose -3*r - 200 = -w + o, -2*r = 4. List the prime factors of w.
2, 3, 5, 7
Suppose -88 - 710 = -14*z. List the prime factors of z/6*58*1.
19, 29
Suppose -n + 9753 = -4*m, 4*n - 24547 - 14417 = -8*m. What are the prime factors of n?
5, 1949
Let r be 1 + (-210)/(-9) + (-11)/33. Suppose -s - 20585 = -r*s. List the prime factors of s.
5, 179
Let q be 10919/244 + (-5)/(-4). Suppose -12651 = -q*d - 185. What are the prime factors of d?
271
List the prime factors of 4683621/763 + 4/7.
7, 877
Suppose 0 = -7*r - 11*r - 8388. Let l = 753 + r. What are the prime factors of l?
7, 41
Suppose 0 = 4*q + 14 - 2, 7*l = -3*q + 29139. List the prime factors of l.
2, 3, 347
Let t(r) = -4978*r - 1735. List the prime factors of t(-9).
43067
List the prime factors of (466/(-6))/((-7931)/396 - -20).
2, 3, 233
Let i(q) = -q**2 + 2*q + 53. Let n be i(-6). Let o(u) = 11 + 0 - 7 + 30*u. List the prime factors of o(n).
2, 7, 11
Let b = -8 + -5. Let d = -278 - -316. Let t = d - b. List the prime factors of t.
3, 17
Let s(o) = 17*o**2 - 4*o - 3. Let a = -40 + 42. Suppose -a*j + 0 - 4 = 0. What are the prime factors of s(j)?
73
Let b = 60 + -56. Suppose 2*a = 4*a + q - 6, b*q = -2*a. Suppose -a*v - 563 = -5*w, 0 = 5*v + 2 - 17. What are the prime factors of w?
5, 23
Let s = -717 - -1149. Suppose -4*m = 2*k - s, 3*m - 196 = -k + 5*m. What are the prime factors of k?
2, 103
Let g = 1039 - 491. Let f = g + 2. List the prime factors of f.
2, 5, 11
Let f(o) = 33*o. Let p = -43 + 75. Let v = -29 + p. List the prime factors of f(v).
3, 11
Suppose -2*c = -5*v + 2*c + 23, 6 = -3*c. Suppose v*y + 6*y = 36. Suppose -27 = y*h - x - 122, 3*x = h - 32. List the prime factors of h.
23
Let g(l) be the second derivative of -l**4/12 + 5*l**3 + 17*l**2 - 6*l. Let i be g(31). Suppose i*j - 314 = 82. What are the prime factors of j?
2, 3, 11
Suppose 3*b - b = 832. Let k be 1/(-2) - 1635/(-6). Let f = b - k. What are the prime factors of f?
2, 3
Let m(o) = 14*o**3 - 51*o**2 - 20*o - 115. What are the prime factors of m(14)?
5, 19, 59
Let m(t) = -8*t - 4. Let o be m(-1). Let x be (3/(-6))/((o - 5)/(-254)). Let u = 215 + x. What are the prime factors of u?
2, 11
Suppose 11*y = 7*y - 64. Let h be 2*((-40)/y - (-1)/(-1)). Suppose -5 + 35 = h*b. List the prime factors of b.
2, 5
Let r(x) = 12436*x**2 + 114*x - 113. List the prime factors of r(1).
12437
Suppose -5*x - 5*j = -50, 18 + 62 = 5*x - j. Suppose 4*h + x = -25. List the prime factors of ((-189)/(-35) + (-6)/h)*28.
2, 3, 7
Let p = -86 + 91. Let u be (4 - p)/(2/(-14))*1. Suppose 0 = u*s - 6*s - 119. What are the prime factors of s?
7, 17
Let b = -195 - -198. Let a(m) be the second derivative of m**5/20 - m**3/6 + 3*m**2 - 3*m. What are the prime factors of a(b)?
2, 3, 5
Let n(o) = -35*o - 4. Let f(c) = -174*c - 21. Let m(a) = 5*f(a) - 24*n(a). Suppose -3 = -3*b + 5*d, 2*b + 3*b = -3*d - 29. What are the prime factors of m(b)?
3, 37
Suppose 142*j = 138*j + 8. Suppose 0 = 5*r + 3*c - 3735, 0 = -j*r + 4*c + 91 + 1377. List the prime factors of r.
2, 3, 31
Let y = 272 + -260. Suppose y*o - 3120 = -0*o. List the prime factors of o.
2, 5, 13
Suppose -23*b + 5*b = -16553 - 18331. List the prime factors of b.
2, 3, 17, 19
Let m = -22891 - -39320. What are the prime factors of m?
7, 2347
Suppose 2*k - 4*z - 22978 = 0, -k - z + 11474 = 2*z. Suppose k - 32104 = -17*o. What are the prime factors of o?
1213
Let f be ((-15)/(-2 - 1))/(4 - 3). Suppose 0 = -f*a, i = -4*i - 3*a + 3850. List the prime factors of i.
2, 5, 7, 11
Let u be 1 - (-8 + 2 - 1074). Suppose -2*l + u = t, 3*l = 5*t - l - 5391. What are the prime factors of t?
13, 83
Suppose -21*c + 23*c - 6 = 0, -3*m = 4*c - 120714. What are the prime factors of m?
2, 20117
Let f be 16/(((-6)/(-36))/((-1)/(-3))). Suppose -4*i - 4*i - f = 0. List the prime factors of i/1 - (-113)/1.
109
What are the prime factors of -1*580/15*((-5979)/6 - 4)?
2, 23, 29
Let n be (-70)/((-1)/(9/(-6))). Let w = -172 + 349. Let r = w + n. List the prime factors of r.
2, 3
Let y(u) = 2*u**3 + 18*u**2 + 11*u + 1. Let t be y(-8). Let s = t + -41. List the prime factors of 0 + 13 + (0 + s - -1).
2, 7
Let r(t) = 381*t + 9338. What are the prime factors of r(39)?
24197
What are the prime factors of 60/(-27) - -2 - 665196/(-108)?
3, 2053
Let n be 18/(-4)*(1 - (-70)/6). Let b = n - -60. Suppose 3*f = c + 786, b*c + 145 = -5*f + 1441. What are the prime factors of f?
3, 29
Let b(h) = -22*h + 33. Let u be b(-6). List the prime factors of u/5*(-524)/(-12).
11, 131
Let a = 11 + -11. Suppose a = 2*c - 6*c + 620. Suppose 3*t = -4*v + 163, 2*v - c = -5*t + 2*t. List the prime factors of t.
7
Suppose 140 - 30 = -5*k. Let v = -12 - k. Let x = 103 - v. What are the prime factors of x?
3, 31
Let f(b) = 1871*b + 1099. List the prime factors of f(3).
2, 839
Let h = -70 - 182. Suppose -8 = b - 5*b. What are the prime factors of 1*(b/(-5) + h/(-5))?
2, 5
Suppose 10 = 2*d, 4*j + 2*d - 5 = 5. Let r = 35 + 7. Suppose 2*h = -j*h + r. List the prime factors of h.
3, 7
Let f = 8 + -43. Let d = f - -38. Suppose 5*a + 640 = 5*j, a - 640 = -5*j - d*a. List the prime factors of j.
2
Suppose 0 = -140*d + 148*d - 32. Suppose z = 2*j - z - 890, d*j = -5*z + 1807. What are the prime factors of j?
2, 7
Suppose -52*s + 269451 = -238797. What are the prime factors of s?
2, 3, 181
Suppose 4*i + y - 1 = 0, 5*i - 3*i - 2*y + 12 = 0. What are the prime factors of (-1 + -323 - i)*(-137 - -136)?
17, 19
Let t(k) = -76 + 12*k - 22*k - 212 - 134 - 12*k. List the prime factors of t(-23).
2, 3, 7
Suppose n + 12 = x + 3*n, 0 = x - 5*n + 2. Let d be (-36)/(-4 - 0)*(-8)/(-18). Suppose 24 = x*i - d*i. What are the prime factors of i?
2, 3
Let d = -130535 - -211563. What are the prime factors of d?
2, 47, 431
Let t = -31225 + 61915. List the prime factors of t.
2, 3, 5, 11, 31
Suppose 2*j - 30 = -36. What are the prime factors of (j/(-6))/((-6)/(-7200))?
2, 3, 5
Suppose -5*h - 4 = -7*h. Suppose h*r = -3*r - 5*g - 220, 0 = -2*r + 2*g - 92. What are the prime factors of (2/(50/r))/((-1)/5)?
3
Let k be (21/4)/(10/40). Let i be k/35 - (-9)/(-15). Suppose -4*a + 4 = i, 0 = -4*t + a + 189 + 18. List the prime factors of t.
2, 13
Let o(y) = -y**3 + 27*y**2 - 24*y - 49. Let k be o(26). Suppose k*n - 726 - 432 = 0. What are the prime factors of n?
2, 193
Let u(n) be the first derivative of n**4/4 - 22*n**3/3 - 25*n**2/2 + 50*n + 1. Let g be u(23). Suppose 351 = 5*c + g*c. List the prime factors of c.
3, 13
Suppose -206*u + 188324 = -237478. List the prime factors of u.
3, 13, 53
Let w(b) = 1332*b**2 - b. Let v be w(-1). Suppose -3*g + 2*u = -1158, 